9054044.
2, 19, 389, 1321
List the prime factors of 189416092.
2, 19, 2492317
List the prime factors of 100639092.
2, 3, 41, 43, 67, 71
What are the prime factors of 706926724?
2, 7, 3606769
List the prime factors of 187864649.
7, 26837807
What are the prime factors of 131897038?
2, 7, 13, 353, 2053
What are the prime factors of 54581640?
2, 3, 5, 454847
What are the prime factors of 308223067?
607, 507781
List the prime factors of 212939213.
19, 53, 103, 2053
What are the prime factors of 224841976?
2, 113, 248719
List the prime factors of 62456804.
2, 1201, 13001
What are the prime factors of 52614203?
1103, 47701
List the prime factors of 193575679.
11, 283, 5653
What are the prime factors of 33794303?
33794303
List the prime factors of 4206797174.
2, 2103398587
List the prime factors of 174992126.
2, 87496063
List the prime factors of 771246062.
2, 19, 20295949
List the prime factors of 216112484.
2, 7, 883, 8741
List the prime factors of 4866162306.
2, 3, 811027051
What are the prime factors of 9362065?
5, 1223, 1531
What are the prime factors of 653720755?
5, 29, 617, 7307
List the prime factors of 2353651562.
2, 19, 71, 872369
List the prime factors of 48603695.
5, 7, 1103, 1259
List the prime factors of 13526163.
3, 7, 59, 1213
What are the prime factors of 5305850882?
2, 53, 61, 820577
List the prime factors of 59696838.
2, 3, 122833
What are the prime factors of 94030838?
2, 11, 37, 71, 1627
What are the prime factors of 73142211?
3, 17, 1434161
List the prime factors of 175254582.
2, 3, 41, 712417
What are the prime factors of 80931324?
2, 3, 6744277
List the prime factors of 806621167.
11, 29, 41, 61673
What are the prime factors of 30448247?
30448247
List the prime factors of 207455811.
3, 17, 503, 8087
List the prime factors of 26358238.
2, 1571, 8389
What are the prime factors of 54337776?
2, 3, 23, 83, 593
What are the prime factors of 1625514666?
2, 3, 270919111
List the prime factors of 137676699.
3, 257, 19841
List the prime factors of 47106927.
3, 7, 251, 331
What are the prime factors of 87434707?
23, 197, 839
List the prime factors of 115682565.
3, 5, 7712171
What are the prime factors of 660057662?
2, 11, 59, 46229
List the prime factors of 1394519.
7, 73, 2729
What are the prime factors of 80426063?
67, 1200389
What are the prime factors of 2976539976?
2, 3, 41, 24593
List the prime factors of 28639356.
2, 3, 17, 29, 47, 103
List the prime factors of 152527527.
3, 659, 25717
What are the prime factors of 1926013250?
2, 5, 7, 29, 37951
List the prime factors of 72268839.
3, 53, 151507
List the prime factors of 239976343.
2423, 99041
What are the prime factors of 805403914?
2, 7, 1117, 51503
What are the prime factors of 20482856?
2, 2560357
What are the prime factors of 3189558146?
2, 1594779073
What are the prime factors of 481802518?
2, 240901259
List the prime factors of 135881382.
2, 3, 7, 13, 248867
List the prime factors of 422842639.
53, 1009, 7907
What are the prime factors of 94941561?
3, 11, 13, 31, 59
List the prime factors of 9039867.
3, 3013289
What are the prime factors of 627828450?
2, 3, 5, 4185523
List the prime factors of 238892427.
3, 73, 363611
List the prime factors of 1521500809.
4919, 309311
List the prime factors of 1607258114.
2, 7, 11, 1490963
List the prime factors of 241843319.
1901, 127219
What are the prime factors of 7083320?
2, 5, 61, 2903
List the prime factors of 304728447.
3, 7537, 13477
List the prime factors of 1175660505.
3, 5, 26125789
What are the prime factors of 2210883454?
2, 13, 863, 98533
What are the prime factors of 82185724?
2, 20546431
What are the prime factors of 851432873?
851432873
What are the prime factors of 770696192?
2, 7, 79, 1361
List the prime factors of 2062598.
2, 1031299
What are the prime factors of 555080978?
2, 31, 53, 251, 673
List the prime factors of 51261211.
661, 77551
List the prime factors of 14327228.
2, 271, 13217
What are the prime factors of 3349132520?
2, 5, 653, 128221
What are the prime factors of 155105996?
2, 89, 293, 1487
List the prime factors of 27531548.
2, 11, 181, 3457
What are the prime factors of 3816156849?
3, 23, 55306621
List the prime factors of 104248927.
104248927
What are the prime factors of 273908755?
5, 601, 91151
What are the prime factors of 79010774?
2, 2971, 13297
List the prime factors of 3971925500.
2, 5, 7943851
What are the prime factors of 102733992?
2, 3, 17, 83933
What are the prime factors of 57021213?
3, 17, 1118063
What are the prime factors of 2642598?
2, 3, 7, 6991
What are the prime factors of 228307464?
2, 3, 7, 11, 37, 53
What are the prime factors of 73176001?
73176001
What are the prime factors of 1041383234?
2, 520691617
What are the prime factors of 53879305?
5, 10775861
What are the prime factors of 399841338?
2, 3, 13, 23, 222877
What are the prime factors of 1115767368?
2, 3, 89, 174121
What are the prime factors of 26923903?
17, 31, 47, 1087
What are the prime factors of 76233799?
23, 3314513
List the prime factors of 39336237.
3, 4370693
List the prime factors of 10996539.
3, 29, 126397
List the prime factors of 131884719.
3, 19, 2313767
What are the prime factors of 597614619?
3, 7, 19, 89, 16829
List the prime factors of 1292022906.
2, 3, 29, 37, 101, 1987
List the prime factors of 183786547.
7, 5023, 5227
What are the prime factors of 566599217?
12323, 45979
List the prime factors of 3538420470.
2, 3, 5, 13, 157, 6421
What are the prime factors of 626644254?
2, 3, 104440709
What are the prime factors of 50100810?
2, 3, 5, 113, 14779
List the prime factors of 63945064.
2, 31, 401, 643
List the prime factors of 211260587.
2179, 96953
List the prime factors of 73248680.
2, 5, 479, 3823
What are the prime factors of 178799536?
2, 229, 48799
What are the prime factors of 117637094?
2, 19, 3095713
List the prime factors of 509661798.
2, 3, 84943633
What are the prime factors of 122781508?
2, 2063, 14879
What are the prime factors of 16570338?
2, 3, 2761723
List the prime factors of 40559728.
2, 11, 230453
What are the prime factors of 188486886?
2, 3, 7, 23, 195121
List the prime factors of 354984923.
19, 211, 88547
List the prime factors of 1168791805.
5, 23, 277, 36691
List the prime factors of 55616145.
3, 5, 13, 73, 3907
List the prime factors of 3095469.
3, 13, 8819
What are the prime factors of 258367194?
2, 3, 14353733
List the prime factors of 620593025.
5, 13, 103, 18539
What are the prime factors of 374069279?
757, 494147
What are the prime factors of 2077291749?
3, 13, 151, 352741
What are the prime factors of 787517868?
2, 3, 73, 857, 1049
What are the prime factors of 7458927339?
3, 29, 239, 358723
What are the prime factors of 1321770123?
3, 1103, 44383
List the prime factors of 4456037871.
3, 19, 23, 1132987
What are the prime factors of 45777757?
43, 569, 1871
List the prime factors of 51883222.
2, 5009, 5179
List the prime factors of 468356642.
2, 13, 223, 80779
What are the prime factors of 26243847?
3, 7, 61, 6829
List the prime factors of 80082573.
3, 23, 479, 2423
What are the prime factors of 106329865?
5, 421, 50513
List the prime factors of 803498612.
2, 7, 28696379
List the prime factors of 245084063.
7, 35012009
What are the prime factors of 6969996334?
2, 7, 43, 11578067
What are the prime factors of 472619907?
3, 17, 37, 1637
What are the prime factors of 23536769?
307, 76667
What are the prime factors of 560648041?
3229, 173629
What are the prime factors of 58482090?
2, 3, 5, 649801
What are the prime factors of 966851751?
3, 2459, 131063
List the prime factors of 1997537.
211, 9467
What are the prime factors of 657620272?
2, 41101267
List the prime factors of 5527341954.
2, 3, 17, 18063209
What are the prime factors of 6279363808?
2, 19, 199, 51899
What are the prime factors of 243708195?
3, 5, 109, 149057
What are the prime factors of 396948350?
2, 5, 61, 130147
List the prime factors of 4489207.
17, 264071
What are the prime factors of 859121003?
13, 163, 405437
What are the prime factors of 298873827?
3, 7, 37, 79, 541
What are the prime factors of 24069581?
59, 407959
List the prime factors of 597087742.
2, 298543871
What are the prime factors of 521753038?
2, 2609, 99991
List the prime factors of 4412762.
2, 1021, 2161
What are the prime factors of 81960002?